{"id":519,"date":"2022-10-06T15:56:18","date_gmt":"2022-10-06T15:56:18","guid":{"rendered":"https:\/\/caps-school-2022.upc.edu\/?page_id=519"},"modified":"2022-11-30T12:29:12","modified_gmt":"2022-11-30T12:29:12","slug":"icfo-labtour-tue-15-nov","status":"publish","type":"page","link":"https:\/\/caps-school-2022.upc.edu\/index.php\/icfo-labtour-tue-15-nov\/","title":{"rendered":"ICFO LabTour: Tue 15 Nov"},"content":{"rendered":"\n<p>The visit to <a rel=\"noreferrer noopener\" href=\"https:\/\/www.icfo.eu\/\" target=\"_blank\">ICFO<\/a> will take place on&nbsp;<strong>Tuesday 15 Nov 2022<\/strong>&nbsp;at <strong>15:45h<\/strong>.<\/p>\n\n\n\n<p>The visit includes the experimental labs of the groups<\/p>\n\n\n\n<ul class=\"wp-block-list\">\n<li><a rel=\"noreferrer noopener\" href=\"https:\/\/www.icfo.eu\/research-group\/25\/quantumgases\/home\/437\/\" target=\"_blank\">Ultracold Quantum Gases<\/a>&nbsp;led by L. Tarruell<\/li>\n\n\n\n<li><a rel=\"noreferrer noopener\" href=\"https:\/\/www.icfo.eu\/research-group\/8\/q-light-atoms\/home\/437\/\" target=\"_blank\">Atomic Quantum Optics<\/a>&nbsp;led by M. Mitchell<\/li>\n\n\n\n<li><a rel=\"noreferrer noopener\" href=\"https:\/\/www.icfo.eu\/research-group\/19\/qpsa\/home\/437\/\" target=\"_blank\">Quantum Photonics with Solids and Atoms<\/a>&nbsp;led by H. de Riedmatten<\/li>\n\n\n\n<li><a rel=\"noreferrer noopener\" href=\"https:\/\/www.icfo.eu\/research-group\/18\/qno\/home\/437\/\" target=\"_blank\">Quantum Nano-Optoelectronics<\/a>&nbsp;led by F. Koppens<\/li>\n<\/ul>\n\n\n\n<p>How to arrive at ICFO:&nbsp;<a rel=\"noreferrer noopener\" href=\"https:\/\/www.icfo.eu\/about-icfo\/general-information-icfo\/location-contact\/\" target=\"_blank\">Location &amp; Contact<\/a><\/p>\n\n\n\n<p><strong>Important Notice<\/strong>: Participants in the LabTour will receive at ICFO their badges. They have to keep them for the whole duration of the School. At the beginning of the LabTour, a group photo will be taken in the Nest Hall. <\/p>\n\n\n\n<p>The groups of participants listed below are assigned to the LabTour guides: <\/p>\n\n\n\n<p><strong>Groups 1-2: <\/strong> Ana P\u00e9rez Barrera<\/p>\n\n\n\n<p><strong>Groups: 3-4:<\/strong> Elena Enrique<\/p>\n\n\n\n<p><strong>Groups 5-6:<\/strong> Merc\u00e8 Latorre <\/p>\n\n\n\n<figure class=\"wp-block-image alignwide size-large\"><img loading=\"lazy\" decoding=\"async\" width=\"1024\" height=\"212\" src=\"https:\/\/caps-school-2022.upc.edu\/wp-content\/uploads\/2022\/11\/ICFO_LabTour_15Nov-1024x212.jpg\" alt=\"\" class=\"wp-image-702\" srcset=\"https:\/\/caps-school-2022.upc.edu\/wp-content\/uploads\/2022\/11\/ICFO_LabTour_15Nov-1024x212.jpg 1024w, https:\/\/caps-school-2022.upc.edu\/wp-content\/uploads\/2022\/11\/ICFO_LabTour_15Nov-300x62.jpg 300w, https:\/\/caps-school-2022.upc.edu\/wp-content\/uploads\/2022\/11\/ICFO_LabTour_15Nov-768x159.jpg 768w, https:\/\/caps-school-2022.upc.edu\/wp-content\/uploads\/2022\/11\/ICFO_LabTour_15Nov-1536x318.jpg 1536w, https:\/\/caps-school-2022.upc.edu\/wp-content\/uploads\/2022\/11\/ICFO_LabTour_15Nov-2048x423.jpg 2048w, https:\/\/caps-school-2022.upc.edu\/wp-content\/uploads\/2022\/11\/ICFO_LabTour_15Nov-1568x324.jpg 1568w\" sizes=\"auto, (max-width: 1024px) 100vw, 1024px\" \/><\/figure>\n\n\n\n<div style=\"height:24px\" aria-hidden=\"true\" class=\"wp-block-spacer\"><\/div>\n\n\n\n<h2 class=\"wp-block-heading\">Participants<\/h2>\n\n\n\n<h4 class=\"wp-block-heading\">Group 1<\/h4>\n\n\n\n<ol class=\"wp-block-list\">\n<li>Veronica&nbsp;<strong>Giardini&nbsp;<\/strong>(University of Firenze)<\/li>\n\n\n\n<li>Jes\u00fas&nbsp;<strong>Cobos Jim\u00e9nez<\/strong>&nbsp;(UPV\/EHU, Bilbao)<\/li>\n\n\n\n<li>Aitor&nbsp;<strong>Ala\u00f1a<\/strong>&nbsp;(UPV\/EHU, Bilbao)<\/li>\n\n\n\n<li>Valentin&nbsp;<strong>Jonas<\/strong>&nbsp;(University of Bonn)<\/li>\n\n\n\n<li>C\u00e9sar Jes\u00fas&nbsp;<strong>Ru\u00edz Loredo<\/strong>&nbsp;(Cinvestav del IPN, Mexico City)<\/li>\n<\/ol>\n\n\n\n<h4 class=\"wp-block-heading\">Group 2<\/h4>\n\n\n\n<ol class=\"wp-block-list\">\n<li>Jacopo&nbsp;<strong>D\u2019Alberto<\/strong>&nbsp;(University of Milano)<\/li>\n\n\n\n<li>Jakub&nbsp;<strong>Kopyci\u0144ski&nbsp;<\/strong>(Center for Theoretical Physics PAS, Warsaw)<\/li>\n\n\n\n<li>Luyuting\u00a0<strong>Wei\u00a0<\/strong>(UPV\/EHU, Bilbao)<\/li>\n\n\n\n<li>Naoto&nbsp;<strong>Mizukami&nbsp;<\/strong>(INRiM, LENS &amp; Politecnico di Torino)<\/li>\n<\/ol>\n\n\n\n<h4 class=\"wp-block-heading\">Group 3<\/h4>\n\n\n\n<ol class=\"wp-block-list\">\n<li>Matteo&nbsp;<strong>Caldara&nbsp;<\/strong>(SISSA, Trieste)<\/li>\n\n\n\n<li>Giacomo Riccardo&nbsp;<strong>Hvaring&nbsp;<\/strong>(Atominstitut, TU Wien)<\/li>\n\n\n\n<li>Grecia&nbsp;<strong>Guijarro&nbsp;<\/strong>(UPC, Barcelona &amp; University of Saarlandes)<\/li>\n\n\n\n<li>Boyko&nbsp;<strong>Nikolov&nbsp;<\/strong>(University of Strathclyde)<\/li>\n\n\n\n<li>Antonio&nbsp;<strong>Estarellas Perales<\/strong>&nbsp;(ROA, C\u00e1diz)<\/li>\n\n\n\n<li>Ignacio&nbsp;<strong>Cort\u00e9s<\/strong>&nbsp;(ROA, C\u00e1diz)<\/li>\n<\/ol>\n\n\n\n<h4 class=\"wp-block-heading\">Group 4<\/h4>\n\n\n\n<ol class=\"wp-block-list\">\n<li>H\u00e9ctor&nbsp;<strong>\u00c1lvarez Mart\u00ednez<\/strong>&nbsp;(ROA, C\u00e1diz)<\/li>\n\n\n\n<li>Malthe&nbsp;<strong>Andersen<\/strong>&nbsp;(University of Aarhus)<\/li>\n\n\n\n<li>S\u00f8ren&nbsp;<strong>Balling<\/strong>&nbsp;(University of Aarhus)<\/li>\n\n\n\n<li>Heitor&nbsp;<strong>Da Silva<\/strong>&nbsp;(CNRS \u2013 INPHYNI, Nice &amp; UFRN, Natal)<\/li>\n\n\n\n<li>Christian&nbsp;<strong>Apostoli&nbsp;<\/strong>(University of Milano)<\/li>\n\n\n\n<li>Marian&nbsp;<strong>D\u00fcrbeck<\/strong>&nbsp;(FHI der Max-Planck-Gesselschaft, Berlin)<\/li>\n<\/ol>\n\n\n\n<h4 class=\"wp-block-heading\">Group 5<\/h4>\n\n\n\n<ol class=\"wp-block-list\">\n<li>Xabier&nbsp;<strong>Guti\u00e9rrez de la Cal<\/strong>&nbsp;(UPV\/EHU, Bilbao)<\/li>\n\n\n\n<li>Philipp&nbsp;<strong>Lunt<\/strong>&nbsp;(University of Heidelberg)<\/li>\n\n\n\n<li>Fredrik Engelschi\u00f8n&nbsp;<strong>Akre&nbsp;<\/strong>(UPC, Barcelona)<\/li>\n\n\n\n<li>Mikhail&nbsp;<strong>Maslov&nbsp;<\/strong>(ISTA, Wien)<\/li>\n\n\n\n<li>Maciej&nbsp;<strong>Marciniak&nbsp;<\/strong>(Center for Theoretical Physics PAS, Warsaw)<\/li>\n\n\n\n<li>\u00c8lia&nbsp;<strong>Sol\u00e9 Cardona<\/strong>&nbsp;(UB, Barcelona)<\/li>\n<\/ol>\n\n\n\n<h4 class=\"wp-block-heading\">Group 6<\/h4>\n\n\n\n<ol class=\"wp-block-list\">\n<li>Juliette&nbsp;<strong>Simonet<\/strong>&nbsp;(University of Hamburg)<\/li>\n\n\n\n<li>Isabelle&nbsp;<strong>Bouchoule<\/strong>&nbsp;(Lab. Charles-Fabry, CNRS, Palaiseau)<\/li>\n<\/ol>\n","protected":false},"excerpt":{"rendered":"<p>The visit to ICFO will take place on&nbsp;Tuesday 15 Nov 2022&nbsp;at 15:45h. The visit includes the experimental labs of the groups How to arrive at ICFO:&nbsp;Location &amp; Contact Important Notice: Participants in the LabTour will receive at ICFO their badges. They have to keep them for the whole duration of the School. At the beginning<a class=\"more-link\" href=\"https:\/\/caps-school-2022.upc.edu\/index.php\/icfo-labtour-tue-15-nov\/\">Continue reading <span class=\"screen-reader-text\">&#8220;ICFO LabTour: Tue 15 Nov&#8221;<\/span><\/a><\/p>\n","protected":false},"author":1,"featured_media":0,"parent":0,"menu_order":0,"comment_status":"closed","ping_status":"closed","template":"","meta":{"footnotes":""},"class_list":["post-519","page","type-page","status-publish","hentry","entry"],"_links":{"self":[{"href":"https:\/\/caps-school-2022.upc.edu\/index.php\/wp-json\/wp\/v2\/pages\/519","targetHints":{"allow":["GET"]}}],"collection":[{"href":"https:\/\/caps-school-2022.upc.edu\/index.php\/wp-json\/wp\/v2\/pages"}],"about":[{"href":"https:\/\/caps-school-2022.upc.edu\/index.php\/wp-json\/wp\/v2\/types\/page"}],"author":[{"embeddable":true,"href":"https:\/\/caps-school-2022.upc.edu\/index.php\/wp-json\/wp\/v2\/users\/1"}],"replies":[{"embeddable":true,"href":"https:\/\/caps-school-2022.upc.edu\/index.php\/wp-json\/wp\/v2\/comments?post=519"}],"version-history":[{"count":24,"href":"https:\/\/caps-school-2022.upc.edu\/index.php\/wp-json\/wp\/v2\/pages\/519\/revisions"}],"predecessor-version":[{"id":729,"href":"https:\/\/caps-school-2022.upc.edu\/index.php\/wp-json\/wp\/v2\/pages\/519\/revisions\/729"}],"wp:attachment":[{"href":"https:\/\/caps-school-2022.upc.edu\/index.php\/wp-json\/wp\/v2\/media?parent=519"}],"curies":[{"name":"wp","href":"https:\/\/api.w.org\/{rel}","templated":true}]}}