{"id":29,"date":"2022-07-26T10:28:44","date_gmt":"2022-07-26T10:28:44","guid":{"rendered":"https:\/\/caps-school-2022.upc.edu\/?page_id=29"},"modified":"2022-11-21T11:28:24","modified_gmt":"2022-11-21T11:28:24","slug":"participants","status":"publish","type":"page","link":"https:\/\/caps-school-2022.upc.edu\/index.php\/participants\/","title":{"rendered":"Participants"},"content":{"rendered":"\n<ol class=\"wp-block-list\">\n<li>Daniel <strong>Barredo<\/strong>&nbsp;(CINN, El Entrego)<\/li>\n\n\n\n<li>Isabelle <strong>Bouchoule<\/strong>&nbsp;(Lab. Charles-Fabry, CNRS, Palaiseau)<\/li>\n\n\n\n<li>Georg <strong>Bruun<\/strong>&nbsp;(University of Aarhus)<\/li>\n\n\n\n<li>Jean-S\u00e9bastien <strong>Caux<\/strong>&nbsp;(University of Amsterdam)<\/li>\n\n\n\n<li>Alejandro <strong>Gonz\u00e1lez-Tudela<\/strong>&nbsp;(IFF, CSIC, Madrid)<\/li>\n\n\n\n<li>Francesco <strong>Scazza<\/strong>&nbsp;(University of Trieste &amp; CNR-INO)<\/li>\n\n\n\n<li>Juliette <strong>Simonet<\/strong>&nbsp;(University of Hamburg)<\/li>\n\n\n\n<li>Gregory <strong>Astrakharchik<\/strong>&nbsp;(UPC &amp; UB, Barcelona)<\/li>\n\n\n\n<li>Giulia <strong>De Rosi&nbsp;<\/strong>(UPC, Barcelona)<\/li>\n\n\n\n<li>Pietro <strong>Massignan<\/strong>&nbsp;(UPC, Barcelona)<\/li>\n\n\n\n<li>Leticia <strong>Tarruell&nbsp;<\/strong>(ICFO, Barcelona)<\/li>\n\n\n\n<li>Michele <strong>Modugno&nbsp;<\/strong>(UPV\/EHU, Bilbao)<\/li>\n\n\n\n<li>Gerard <strong>Pascual<\/strong>&nbsp;(UPC, Barcelona)<\/li>\n\n\n\n<li>Fredrik Engelschi\u00f8n <strong>Akre <\/strong>(UPC, Barcelona)<\/li>\n\n\n\n<li>Aitor <strong>Ala\u00f1a<\/strong> (UPV\/EHU, Bilbao)<\/li>\n\n\n\n<li>H\u00e9ctor <strong>\u00c1lvarez Mart\u00ednez<\/strong> (ROA, C\u00e1diz)<\/li>\n\n\n\n<li>Malthe <strong>Andersen<\/strong> (University of Aarhus)<\/li>\n\n\n\n<li>Christian <strong>Apostoli <\/strong>(University of Milano)<\/li>\n\n\n\n<li>S\u00f8ren <strong>Balling<\/strong> (University of Aarhus)<\/li>\n\n\n\n<li>Daniel <strong>Benedicto Orenes<\/strong> (ICFO, Barcelona)<\/li>\n\n\n\n<li>Julia <strong>Bergmann<\/strong> (ICFO, Barcelona)<\/li>\n\n\n\n<li>Utso <strong>Bhattacharya<\/strong> (ICFO, Barcelona)<\/li>\n\n\n\n<li>Jordi <strong>Boronat<\/strong> (UPC, Barcelona)<\/li>\n\n\n\n<li>Fabian <strong>Brauneis<\/strong> (TU Darmstadt)<\/li>\n\n\n\n<li>Sandra <strong>Buob<\/strong> (ICFO, Barcelona)<\/li>\n\n\n\n<li>Arturo <strong>Cabrera Cordova<\/strong> (ICFO, Barcelona)<\/li>\n\n\n\n<li>Cesar&nbsp;<strong>Cabrera Cordova <\/strong>(University of Hamburg)<\/li>\n\n\n\n<li>Zhaojun <strong>Cai <\/strong>(SYRTE, Paris)<\/li>\n\n\n\n<li>Matteo <strong>Caldara <\/strong>(SISSA, Trieste)<\/li>\n\n\n\n<li>Stefano <strong>Carignano<\/strong> (UB, Barcelona)<\/li>\n\n\n\n<li>Cristina <strong>Cicali<\/strong> (Forschungszentrum J\u00fclich)<\/li>\n\n\n\n<li>Jes\u00fas <strong>Cobos Jim\u00e9nez<\/strong> (UPV\/EHU, Bilbao)<\/li>\n\n\n\n<li>Ignacio <strong>Cort\u00e9s<\/strong> (ROA, C\u00e1diz)<\/li>\n\n\n\n<li>Jacopo <strong>D&#8217;Alberto<\/strong> (University of Milano)<\/li>\n\n\n\n<li>Heitor&nbsp;<strong>Da Silva<\/strong> (CNRS &#8211; INPHYNI, Nice &amp; UFRN, Natal)<\/li>\n\n\n\n<li>Marian <strong>D\u00fcrbeck<\/strong> (FHI der Max-Planck-Gesselschaft, Berlin)<\/li>\n\n\n\n<li>Marlena <strong>Dziurawiec<\/strong> (Wroc\u0142aw University of Science and Technology)<\/li>\n\n\n\n<li>Antonio <strong>Estarellas Perales<\/strong> (ROA, C\u00e1diz)<\/li>\n\n\n\n<li>Juan Manuel <strong>Garc\u00eda Garrido <\/strong>(University of Granada)<\/li>\n\n\n\n<li>Veronica&nbsp;<strong>Giardini <\/strong>(University of Firenze)<\/li>\n\n\n\n<li>Eric <strong>Gil<\/strong> (ICFO, Barcelona)<\/li>\n\n\n\n<li>Daniel <strong>Goncalves Romeu<\/strong> (ICFO, Barcelona)<\/li>\n\n\n\n<li>Grecia <strong>Guijarro <\/strong>(UPC, Barcelona &amp; University of Saarlandes)<\/li>\n\n\n\n<li>Xabier <strong>Guti\u00e9rrez de la Cal<\/strong> (UPV\/EHU, Bilbao)<\/li>\n\n\n\n<li>Jonatan <strong>H\u00f6schele<\/strong> (ICFO, Barcelona)<\/li>\n\n\n\n<li>Claudio <strong>Iacovelli<\/strong> (ICFO &amp; UAB, Barcelona)<\/li>\n\n\n\n<li>Giacomo Riccardo <strong>Hvaring <\/strong>(Atominstitut, TU Wien)<\/li>\n\n\n\n<li>Zahra <strong>Jalalimola<\/strong> (ICFO, Barcelona)<\/li>\n\n\n\n<li>Valentin <strong>Jonas<\/strong> (University of Bonn)<\/li>\n\n\n\n<li>Teresa <strong>Karanikolaou<\/strong> (ICFO, Barcelona)<\/li>\n\n\n\n<li>Jakub <strong>Kopyci\u0144ski <\/strong>(Center for Theoretical Physics PAS, Warsaw)<\/li>\n\n\n\n<li>Arkadiusz <strong>Kosior<\/strong> (University of Innsbruck)<\/li>\n\n\n\n<li>Gen\u00eds <strong>Lleopart<\/strong> (IQTC &amp; UB, Barcelona)<\/li>\n\n\n\n<li>\u00c1ngel <strong>L\u00f3pez Corps<\/strong> (IEM, CSIC, Madrid)<\/li>\n\n\n\n<li>Philipp <strong>Lunt<\/strong> (University of Heidelberg)<\/li>\n\n\n\n<li>Vasiliy&nbsp;<strong>Makhalov<\/strong> (ICFO, Barcelona)<\/li>\n\n\n\n<li>Maciej&nbsp;<strong>Marciniak <\/strong>(Center for Theoretical Physics PAS, Warsaw)<\/li>\n\n\n\n<li>Mikhail <strong>Maslov <\/strong>(ISTA, Wien)<\/li>\n\n\n\n<li>David <strong>Mellado-Alcedo<\/strong> (University of Granada)<\/li>\n\n\n\n<li>Naoto <strong>Mizukami <\/strong>(INRiM, LENS &amp; Politecnico di Torino)<\/li>\n\n\n\n<li>Guillem&nbsp;<strong>M\u00fcller Rigat <\/strong>(ICFO, Barcelona)<\/li>\n\n\n\n<li>Boyko <strong>Nikolov <\/strong>(University of Strathclyde)<\/li>\n\n\n\n<li>Jordi <strong>Pera<\/strong> (UPC, Barcelona)<\/li>\n\n\n\n<li>Ana <strong>Perez Barrera<\/strong> (ICFO, Barcelona)<\/li>\n\n\n\n<li>Daniel <strong>P\u00e9rez Cruz<\/strong> (UAB, Barcelona)<\/li>\n\n\n\n<li>Marcin <strong>Plodzien<\/strong> (ICFO, Barcelona)<\/li>\n\n\n\n<li>Carlos <strong>Ramos<\/strong> (UB, Barcelona)<\/li>\n\n\n\n<li>Jan <strong>Reuter<\/strong> (Forschungszentrum J\u00fclich)<\/li>\n\n\n\n<li>Abel <strong>Rojo-Franc\u00e0s<\/strong> (UB, Barcelona)<\/li>\n\n\n\n<li>Antonio <strong>Rubio Abadal <\/strong>(ICFO, Barcelona)<\/li>\n\n\n\n<li>C\u00e9sar Jes\u00fas&nbsp;<strong>Ru\u00edz Loredo<\/strong> (Cinvestav del IPN, Mexico City)<\/li>\n\n\n\n<li>Anna <strong>Sanpera Trigueros<\/strong> (UAB, Barcelona)<\/li>\n\n\n\n<li>Juhi&nbsp;<strong>Singh<\/strong> (Forschungszentrum J\u00fclich)<\/li>\n\n\n\n<li>\u00c8lia <strong>Sol\u00e9 Cardona<\/strong> (UB, Barcelona)<\/li>\n\n\n\n<li>Anubhav Kumar <strong>Srivastava<\/strong> (ICFO, Barcelona)<\/li>\n\n\n\n<li>Luca <strong>Tagliacozzo<\/strong> (IFF, CSIC, Madrid)<\/li>\n\n\n\n<li>Yuma <strong>Watanabe<\/strong> (Tokyo University of Science &amp; ICFO, Barcelona)<\/li>\n\n\n\n<li>Luyuting <strong>Wei <\/strong>(UPV\/EHU, Bilbao)<\/li>\n<\/ol>\n\n\n\n<div style=\"height:38px\" aria-hidden=\"true\" class=\"wp-block-spacer\"><\/div>\n\n\n\n<figure class=\"wp-block-image size-full\"><img loading=\"lazy\" decoding=\"async\" width=\"850\" height=\"567\" src=\"https:\/\/caps-school-2022.upc.edu\/wp-content\/uploads\/2022\/09\/pixabay.com_.jpg\" alt=\"\" class=\"wp-image-399\" srcset=\"https:\/\/caps-school-2022.upc.edu\/wp-content\/uploads\/2022\/09\/pixabay.com_.jpg 850w, https:\/\/caps-school-2022.upc.edu\/wp-content\/uploads\/2022\/09\/pixabay.com_-300x200.jpg 300w, https:\/\/caps-school-2022.upc.edu\/wp-content\/uploads\/2022\/09\/pixabay.com_-768x512.jpg 768w\" sizes=\"auto, (max-width: 850px) 100vw, 850px\" \/><\/figure>\n","protected":false},"excerpt":{"rendered":"","protected":false},"author":1,"featured_media":0,"parent":0,"menu_order":0,"comment_status":"closed","ping_status":"closed","template":"","meta":{"footnotes":""},"class_list":["post-29","page","type-page","status-publish","hentry","entry"],"_links":{"self":[{"href":"https:\/\/caps-school-2022.upc.edu\/index.php\/wp-json\/wp\/v2\/pages\/29","targetHints":{"allow":["GET"]}}],"collection":[{"href":"https:\/\/caps-school-2022.upc.edu\/index.php\/wp-json\/wp\/v2\/pages"}],"about":[{"href":"https:\/\/caps-school-2022.upc.edu\/index.php\/wp-json\/wp\/v2\/types\/page"}],"author":[{"embeddable":true,"href":"https:\/\/caps-school-2022.upc.edu\/index.php\/wp-json\/wp\/v2\/users\/1"}],"replies":[{"embeddable":true,"href":"https:\/\/caps-school-2022.upc.edu\/index.php\/wp-json\/wp\/v2\/comments?post=29"}],"version-history":[{"count":21,"href":"https:\/\/caps-school-2022.upc.edu\/index.php\/wp-json\/wp\/v2\/pages\/29\/revisions"}],"predecessor-version":[{"id":720,"href":"https:\/\/caps-school-2022.upc.edu\/index.php\/wp-json\/wp\/v2\/pages\/29\/revisions\/720"}],"wp:attachment":[{"href":"https:\/\/caps-school-2022.upc.edu\/index.php\/wp-json\/wp\/v2\/media?parent=29"}],"curies":[{"name":"wp","href":"https:\/\/api.w.org\/{rel}","templated":true}]}}